at is the highest common factor of 422 and 44521?
211
Calculate the highest common divisor of 90189 and 55.
11
What is the greatest common divisor of 42103 and 497?
71
Calculate the greatest common factor of 302134 and 98.
98
What is the greatest common factor of 1769313 and 546?
273
What is the highest common divisor of 1206559 and 411?
137
Calculate the highest common divisor of 2189 and 38407.
199
Calculate the greatest common divisor of 1218384 and 144.
144
What is the highest common divisor of 170522 and 352?
22
Calculate the highest common factor of 112 and 3941.
7
Calculate the greatest common divisor of 347 and 312647.
347
Calculate the highest common divisor of 546602 and 280.
14
Calculate the highest common factor of 18 and 237078.
18
What is the highest common factor of 150 and 116790?
30
Calculate the highest common divisor of 1589 and 692123.
227
Calculate the greatest common factor of 55 and 68945.
5
Calculate the highest common factor of 31064 and 396.
44
What is the greatest common divisor of 151552 and 740?
148
Calculate the greatest common factor of 3652330 and 22.
22
What is the greatest common factor of 1844083 and 2698?
1349
What is the highest common factor of 312 and 21658?
26
What is the highest common divisor of 1509 and 51?
3
What is the highest common divisor of 21245 and 280?
35
Calculate the greatest common divisor of 18822 and 54.
6
Calculate the greatest common divisor of 5184 and 612.
36
Calculate the greatest common factor of 2944 and 184.
184
What is the highest common divisor of 7533 and 279?
279
What is the highest common divisor of 62127 and 702?
351
Calculate the greatest common divisor of 393 and 137157.
393
What is the highest common divisor of 943 and 151577?
41
Calculate the highest common factor of 90 and 818280.
90
What is the highest common factor of 74 and 523106?
74
Calculate the greatest common factor of 2784276 and 712.
356
What is the greatest common divisor of 651 and 249333?
651
What is the greatest common factor of 188 and 9118?
94
What is the greatest common factor of 8493 and 116965?
149
What is the greatest common factor of 56 and 261520?
56
What is the highest common divisor of 44083 and 65?
13
Calculate the greatest common divisor of 1419262 and 646.
646
Calculate the highest common divisor of 15753 and 1068.
267
Calculate the highest common divisor of 18 and 36282.
6
Calculate the highest common factor of 6171 and 9801.
363
What is the greatest common factor of 461 and 63?
1
Calculate the highest common factor of 216 and 38.
2
Calculate the highest common divisor of 154 and 156090.
22
Calculate the greatest common divisor of 406994 and 49.
49
Calculate the greatest common factor of 5344 and 3006.
334
What is the greatest common divisor of 972 and 318087?
243
What is the greatest common divisor of 50501 and 132?
11
What is the greatest common factor of 17 and 21148?
17
What is the highest common factor of 14 and 356622?
14
What is the greatest common factor of 5130 and 52782?
114
Calculate the highest common factor of 200 and 3840.
40
What is the highest common factor of 2589186 and 1962?
654
What is the greatest common divisor of 858 and 172068?
78
What is the highest common factor of 68 and 1132676?
68
Calculate the highest common divisor of 583676 and 82.
82
Calculate the highest common divisor of 27 and 181467.
27
Calculate the greatest common divisor of 1045 and 21670.
55
What is the greatest common divisor of 10146 and 1425?
57
Calculate the highest common divisor of 84 and 172732.
28
Calculate the highest common factor of 619579 and 1695.
113
Calculate the greatest common factor of 630 and 5460.
210
Calculate the greatest common factor of 10932513 and 17.
17
What is the highest common factor of 338 and 1224574?
338
Calculate the greatest common divisor of 2510 and 1130.
10
Calculate the greatest common factor of 35 and 1005585.
35
Calculate the highest common factor of 7590 and 44550.
330
What is the greatest common divisor of 3999 and 172?
43
Calculate the highest common factor of 32 and 149216.
32
Calculate the highest common factor of 219 and 524067.
219
What is the greatest common factor of 2480 and 94085?
155
Calculate the highest common divisor of 11533457 and 403.
403
Calculate the highest common factor of 5730 and 107342.
382
What is the greatest common divisor of 98220 and 1500?
60
What is the greatest common divisor of 745 and 83887?
149
What is the highest common factor of 1204470 and 12960?
810
Calculate the greatest common factor of 14766 and 713.
23
Calculate the highest common factor of 3940 and 1660.
20
What is the greatest common factor of 164508 and 24?
12
Calculate the greatest common factor of 530 and 2332.
106
Calculate the highest common factor of 13442 and 429.
143
Calculate the greatest common factor of 10455 and 2975.
85
What is the highest common factor of 10043 and 88?
11
Calculate the highest common factor of 43330 and 230.
10
Calculate the greatest common divisor of 259634 and 1376.
86
Calculate the highest common factor of 1653 and 1338379.
551
What is the greatest common divisor of 698328 and 244?
244
Calculate the greatest common divisor of 995198 and 178.
178
What is the highest common factor of 441 and 20727?
441
Calculate the greatest common divisor of 15714 and 6014.
194
What is the highest common factor of 26 and 58331?
13
What is the highest common factor of 7272 and 6868?
404
What is the highest common factor of 21 and 478?
1
Calculate the highest common factor of 101772 and 24929.
257
Calculate the highest common divisor of 24494 and 814.
74
What is the highest common divisor of 42 and 6566?
14
Calculate the highest common divisor of 4428 and 60188.
164
What is the highest common divisor of 7126 and 14?
14
What is the highest common factor of 172 and 120572?
172
What is the highest common divisor of 8 and 95788?
4
Calculate the highest common divisor of 530684 and 2464.
308
What is the greatest common factor of 3 and 13931?
1
Calculate the highest common divisor of 5824 and 31993.
13
Calculate the greatest common divisor of 534735 and 270.
135
Calculate the greatest common divisor of 16523 and 23288.
41
What is the highest common factor of 51404 and 20164?
284
What is the highest common divisor of 119405 and 1169?
167
Calculate the highest common divisor of 63840 and 270.
30
What is the greatest common factor of 4392 and 603412?
244
Calculate the greatest common divisor of 607 and 8.
1
Calculate the greatest common divisor of 69448 and 40.
8
Calculate the greatest common divisor of 520656 and 9.
3
Calculate the greatest common divisor of 5200 and 12740.
260
What is the highest common divisor of 5753 and 143?
11
What is the highest common divisor of 313480 and 510?
170
What is the highest common factor of 12 and 5584?
4
What is the highest common divisor of 153228 and 96?
12
Calculate the highest common factor of 30 and 681990.
30
What is the highest common factor of 26166 and 2136?
534
Calculate the greatest common factor of 30173 and 1055.
211
What is the greatest common factor of 1650 and 9195?
15
What is the greatest common factor of 902304 and 72?
72
Calculate the highest common divisor of 15 and 217705.
5
What is the highest common divisor of 6767 and 3131?
101
Calculate the greatest common divisor of 26207 and 3577.
73
Calculate the highest common factor of 144324 and 29412.
684
Calculate the greatest common factor of 55 and 555973.
11
Calculate the highest common divisor of 10590 and 1690.
10
Calculate the greatest common factor of 48 and 7762096.
16
Calculate the highest common divisor of 31455 and 27.
27
Calculate the highest common divisor of 2552 and 23144.
88
Calculate the highest common divisor of 56600 and 10200.
200
Calculate the greatest common divisor of 85 and 257533.
17
What is the highest common factor of 188784 and 37962?
1026
What is the greatest common divisor of 42614 and 572?
286
Calculate the highest common divisor of 1324 and 169472.
1324
Calculate the greatest common divisor of 21 and 139391.
7
Calculate the highest common factor of 247 and 86032.
19
What is the highest common divisor of 3952 and 17252?
76
Calculate the highest common factor of 15170 and 50840.
410
Calculate the greatest common divisor of 23